ac8
What is 11a764a (base 12) in base 9?
6445564
Convert -274d4 (base 14) to base 16.
-17af2
Convert 16613 (base 13) to base 10.
42773
What is 12122425 (base 6) in base 12?
166415
What is -1422d (base 16) in base 5?
-10114402
Convert -344434041 (base 6) to base 13.
-14255c8
-8906375 (base 10) to base 15
-baddd5
What is -134323433 (base 5) in base 13?
-1b5cab
Convert -22313010133 (base 4) to base 6.
-141004331
What is -12010121212 (base 3) in base 2?
-11000101011000001
What is -173826 (base 9) in base 8?
-322473
Convert -101411224 (base 6) to base 11.
-aa15aa
Convert 371b0a (base 12) to base 2.
11011010011111111010
-1031301001 (base 5) to base 2
-1000011100001100010010
What is 39451b8 (base 12) in base 8?
53041334
99a956 (base 12) to base 10
2444754
What is -212212122111 (base 3) in base 2?
-1110010101110111100
What is -7421050 (base 10) in base 14?
-db2670
-980a36 (base 13) to base 4
-31220002110
What is 47156 (base 10) in base 8?
134064
What is 104b7 (base 13) in base 15?
8a92
c49634 (base 13) to base 6
242220422
What is 1336155 (base 11) in base 6?
121235352
713034 (base 8) to base 16
3961c
What is -125652665 (base 7) in base 15?
-aa423b
Convert 4130111 (base 9) to base 2.
1000011010001110101011
Convert 22210120101 (base 3) to base 7.
1320631
What is 22102120000120 (base 3) in base 13?
c0a8ba
What is -4110004 (base 5) in base 8?
-201316
Convert 215ec5 (base 16) to base 3.
11010002221010
Convert -620 (base 13) to base 12.
-728
2333123111 (base 4) to base 3
1110211120012
Convert 331103 (base 10) to base 13.
b7926
Convert -1cc2c16 (base 13) to base 12.
-328594a
Convert 210200022 (base 4) to base 6.
3112110
-7cc60 (base 14) to base 10
-304276
-2a669 (base 16) to base 9
-284210
What is -4169 (base 14) in base 12?
-6629
-1053553204 (base 6) to base 16
-b1f844
-14654564 (base 8) to base 12
-1163584
Convert -130020102103 (base 4) to base 16.
-708493
Convert -b4730 (base 12) to base 11.
-151393
What is 2111111210002 (base 3) in base 8?
5043247
-10001000000101011 (base 2) to base 5
-4212200
-340146 (base 8) to base 10
-114790
What is -2000200101 (base 3) in base 14?
-10754
Convert 675194 (base 11) to base 14.
20001a
What is -11101111001001011 (base 2) in base 8?
-357113
Convert -30653 (base 9) to base 8.
-47371
Convert -15550341 (base 6) to base 15.
-b0824
What is 124310103 (base 6) in base 5?
1111411100
42330353 (base 7) to base 10
3587279
Convert -1100000111110011101 (base 2) to base 13.
-10ba4b
Convert 112212223202 (base 4) to base 14.
b03694
Convert 10010101010011111 (base 2) to base 11.
52488
-1634515 (base 7) to base 14
-5cbb5
-275536 (base 11) to base 16
-69710
Convert -2211223 (base 4) to base 2.
-10100101101011
What is -110011010101011101 (base 2) in base 3?
-101200102202
Convert 658031 (base 9) to base 2.
1011111111011111111
-1f114 (base 16) to base 11
-87674
-2035543 (base 6) to base 13
-35a9c
Convert -684372 (base 9) to base 12.
-179332
What is 303210330 (base 4) in base 6?
4310020
4206203 (base 7) to base 13
149636
What is 24c31 (base 13) in base 2?
10000100110001010
Convert 4285578 (base 10) to base 13.
b7085b
1002101102222010 (base 3) to base 7
246513420
Convert d1c (base 16) to base 5.
101411
Convert 4859d (base 14) to base 9.
288382
What is 3b571 (base 14) in base 4?
203301033
Convert -13372057 (base 9) to base 12.
-2264644
143608 (base 10) to base 6
3024504
Convert 120023230 (base 4) to base 15.
1e537
What is 78528 (base 11) in base 12?
55a0a
What is 21993a (base 11) in base 10?
349854
What is 30133333 (base 4) in base 6?
1033011
-100011010010011110 (base 2) to base 12
-6b792
What is -184278 (base 9) in base 12?
-56452
Convert 16550202 (base 7) to base 6.
54501453
-478510 (base 9) to base 14
-7713b
Convert 234702 (base 9) to base 2.
100010011111010010
302666 (base 9) to base 12
87813
1254344 (base 7) to base 3
22101002102
3652375 (base 12) to base 3
201212102200022
What is 1511259 (base 13) in base 15?
8c96e9
Convert 207387 (base 12) to base 16.
7c957
-717334 (base 8) to base 5
-30043101
-bbb38 (base 15) to base 12
-249268
What is 557bb8 (base 14) in base 12?
b7b99a
Convert -6013165 (base 7) to base 15.
-e02ea
112010122301 (base 4) to base 12
1b2bb55
Convert 9d86ca (base 16) to base 12.
355a40a
-b61e7 (base 15) to base 6
-20213531
What is 37c96d (base 14) in base 16?
1d40f5
What is -b9b08 (base 16) in base 10?
-760584
What is -5d429 (base 14) in base 5?
-24303243
-c3d4a (base 14) to base 13
-1369c3
What is -2111110002 (base 4) in base 12?
-255b16
Convert 12acba (base 13) to base 8.
1563726
1003331013 (base 4) to base 13
99900
What is 31345311 (base 9) in base 13?
31834c6
Convert 16395 (base 10) to base 9.
24436
What is -1012099 (base 11) in base 10?
-1788972
What is -1210010002 (base 3) in base 16?
-8903
Convert -9227a3 (base 14) to base 2.
-10010110010001101011011
What is 53d01b (base 14) in base 3?
12100021211121
What is -13001200123 (base 4) in base 16?
-1c181b
-2798b6 (base 13) to base 8
-3532313
Convert 2c00a (base 15) to base 6.
3012144
-301022202330 (base 4) to base 8
-61124274
13b2 (base 12) to base 14
b9c
What is 282276 (base 13) in base 3?
1211120200120
Convert -46563646 (base 7) to base 14.
-78a196
Convert 437231 (base 8) to base 2.
100011111010011001
-cb0d8 (base 15) to base 9
-1182475
-50551545 (base 8) to base 2
-101000101101001101100101
-15203515 (base 6) to base 7
-4334021
1776a60 (base 15) to base 12
587a153
What is 7283348 (base 10) in base 2?
11011110010001010010100
cb716c (base 14) to base 8
32234534
Convert -113213113 (base 4) to base 5.
-11043402
-11100221010101 (base 3) to base 6
-121430231
Convert 15ac0d (base 15) to base 11.
657113
Convert -14312152 (base 6) to base 7.
-4115324
What is -53246550 (base 8) in base 12?
-39787a0
What is 391c (base 15) in base 12?
7069
Convert -474305 (base 12) to base 6.
-40334005
Convert 31010754 (base 9) to base 16.
e32a65
-44a55b (base 12) to base 16
-10ba97
Convert 11023110010 (base 4) to base 15.
1bc15a
Convert 1044345 (base 6) to base 16.
ce69
111111011011 (base 2) to base 8
7733
What is 1001100110111011110 (base 2) in base 6?
10425342
Convert b770 (base 13) to base 11.
18129
What is -142432014 (base 5) in base 15?
-ebdde
What is -3732004 (base 10) in base 13?
-a088b3
Convert -669668 (base 14) to base 15.
-48c1be
What is 1011012210020 (base 3) in base 2?
10010101111111110111
Convert 467882 (base 9) to base 10.
281387
What is 1125869 (base 14) in base 2?
11111001000000101010101
124873 (base 9) to base 8
224031
23225415 (base 7) to base 15
2a484c
13981 (base 14) to base 12
240b9
What is -28842006 (base 9) in base 11?
-8099aaa
What is 120c4 (base 13) in base 16?
815b
5073 (base 8) to base 15
b99
What is 727122 (base 8) in base 13?
85a56
What is -965a92 (base 12) in base 13?
-6517b8
What is -2044423101 (base 5) in base 11?
-2474220
-343212 (base 7) to base 16
-eee9
What is -100034211 (base 5) in base 15?
-7b6db
What is -2583298 (base 10) in base 12?
-a46b6a
Convert -7840a2 (base 12) to base 11.
-1098639
Convert 1230541 (base 6) to base 15.
149a1
What is -ada3 (base 16) in base 8?
-126643
-10031022023 (base 4) to base 6
-35344015
What is -1a1905 (base 11) in base 15?
-61c41
What is -424533314 (base 6) in base 13?
-172b7c6
-55066 (base 9) to base 3
-1212002020
Convert -152820 (base 9) to base 5.
-11001403
What is 6ac7 (base 13) in base 10?
15035
What is -1557103 (base 8) in base 14?
-ba071
Convert -2a1763 (base 11) to base 12.
-1a851b
4367a0b (base 12) to base 16
c3beeb
-1196c0b (base 14) to base 5
-4124310211
Convert 2677571 (base 8) to base 10.
753529
3b1166 (base 12) to base 4
3232122132
What is -16dad8 (base 14) in base 5?
-201244032
Convert -11010021022011 (base 3) to base 4.
-20112230320
Convert -1a27a9 (base 11) to base 8.
-1137461
What is -2597188 (base 10) in base 12?
-a53004
What is -564266 (base 12) in base 3?
-2120220022120
Convert -79a02 (base 11) to base 10.
-115678
113111221 (base 4) to base 16
17569
What is -24629a (base 11) in base 6?
-12200535
Convert -52203464 (base 7) to base 12.
-1577362
Convert 376be (base 16) to base 8.
673276
-20a295 (base 11) to base 10
-335758
Convert -269688 (base 11) to base 10.
-422749
What is -b6400 (base 16) in base 9?
-1357000
Convert ac77 (base 14) to base 3.
1112000022
-23128 (base 16) to base 4
-203010220
11010110011011010 